925?
2
What is the millions digit of 7934947?
7
What is the units digit of 766608?
8
What is the units digit of 4245563?
3
What is the ten thousands digit of 1488932?
8
What is the ten thousands digit of 162767?
6
What is the ten thousands digit of 1010191?
1
What is the hundreds digit of 8340574?
5
What is the hundreds digit of 13087820?
8
What is the hundred thousands digit of 431249?
4
What is the millions digit of 4281564?
4
What is the thousands digit of 11739749?
9
What is the hundred thousands digit of 32264823?
2
What is the thousands digit of 163654?
3
What is the ten thousands digit of 637348?
3
What is the ten thousands digit of 323630?
2
What is the thousands digit of 4228043?
8
What is the units digit of 6298769?
9
What is the millions digit of 12750777?
2
What is the hundred thousands digit of 122506?
1
What is the tens digit of 3695741?
4
What is the ten thousands digit of 97271?
9
What is the units digit of 8741952?
2
What is the ten thousands digit of 235663?
3
What is the tens digit of 943902?
0
What is the hundreds digit of 580419?
4
What is the thousands digit of 152681?
2
What is the tens digit of 9757?
5
What is the hundreds digit of 22799626?
6
What is the ten thousands digit of 3869947?
6
What is the ten thousands digit of 6737952?
3
What is the millions digit of 31268676?
1
What is the tens digit of 442112?
1
What is the tens digit of 11708840?
4
What is the units digit of 2101412?
2
What is the hundreds digit of 3485004?
0
What is the units digit of 1104559?
9
What is the hundreds digit of 57201?
2
What is the ten millions digit of 15437298?
1
What is the tens digit of 520278?
7
What is the hundreds digit of 512030?
0
What is the ten thousands digit of 107115?
0
What is the hundreds digit of 743293?
2
What is the ten thousands digit of 5863130?
6
What is the hundreds digit of 904342?
3
What is the hundreds digit of 8829582?
5
What is the hundred thousands digit of 18201737?
2
What is the tens digit of 5639893?
9
What is the ten thousands digit of 1858755?
5
What is the tens digit of 10810126?
2
What is the units digit of 15169331?
1
What is the ten thousands digit of 3724826?
2
What is the ten thousands digit of 49289?
4
What is the thousands digit of 132573?
2
What is the ten thousands digit of 2238172?
3
What is the ten thousands digit of 216360?
1
What is the tens digit of 499308?
0
What is the hundred thousands digit of 160396?
1
What is the ten millions digit of 16469269?
1
What is the ten thousands digit of 747721?
4
What is the thousands digit of 172475?
2
What is the thousands digit of 11952924?
2
What is the millions digit of 12149754?
2
What is the hundred thousands digit of 165699?
1
What is the tens digit of 8723333?
3
What is the thousands digit of 304876?
4
What is the tens digit of 1162357?
5
What is the ten thousands digit of 357635?
5
What is the thousands digit of 224117?
4
What is the hundred thousands digit of 10396423?
3
What is the hundred thousands digit of 258037?
2
What is the millions digit of 5478933?
5
What is the thousands digit of 1115494?
5
What is the millions digit of 6810852?
6
What is the units digit of 10924?
4
What is the units digit of 4515432?
2
What is the tens digit of 76399?
9
What is the millions digit of 11689669?
1
What is the hundred thousands digit of 259457?
2
What is the ten thousands digit of 11210755?
1
What is the hundreds digit of 169600?
6
What is the ten thousands digit of 17328258?
2
What is the thousands digit of 4364329?
4
What is the thousands digit of 693434?
3
What is the hundred thousands digit of 188393?
1
What is the hundred thousands digit of 985734?
9
What is the hundreds digit of 4027748?
7
What is the tens digit of 149917?
1
What is the thousands digit of 1503366?
3
What is the tens digit of 386002?
0
What is the units digit of 3614194?
4
What is the ten thousands digit of 4850531?
5
What is the units digit of 99749?
9
What is the thousands digit of 18751372?
1
What is the hundreds digit of 278438?
4
What is the tens digit of 12310?
1
What is the hundreds digit of 2273115?
1
What is the hundred thousands digit of 1848931?
8
What is the thousands digit of 216657?
6
What is the thousands digit of 271722?
1
What is the hundred thousands digit of 601995?
6
What is the units digit of 324662?
2
What is the tens digit of 1171312?
1
What is the tens digit of 2969654?
5
What is the hundreds digit of 15564109?
1
What is the millions digit of 2945831?
2
What is the tens digit of 195877?
7
What is the ten thousands digit of 2219657?
1
What is the ten thousands digit of 7992647?
9
What is the hundred thousands digit of 300938?
3
What is the units digit of 175149?
9
What is the thousands digit of 4980196?
0
What is the hundred thousands digit of 6169944?
1
What is the hundreds digit of 856955?
9
What is the thousands digit of 7222?
7
What is the thousands digit of 689137?
9
What is the units digit of 56810?
0
What is the thousands digit of 11585300?
5
What is the units digit of 539730?
0
What is the hundreds digit of 5355952?
9
What is the ten thousands digit of 481124?
8
What is the hundreds digit of 728251?
2
What is the hundred thousands digit of 2728389?
7
What is the tens digit of 4313652?
5
What is the millions digit of 3532508?
3
What is the ten thousands digit of 595531?
9
What is the hundred thousands digit of 2014401?
0
What is the hundred thousands digit of 587168?
5
What is the hundreds digit of 71155?
1
What is the hundred thousands digit of 2009865?
0
What is the thousands digit of 365917?
5
What is the thousands digit of 1298148?
8
What is the hundred thousands digit of 154409?
1
What is the thousands digit of 8118531?
8
What is the hundreds digit of 129993?
9
What is the hundred thousands digit of 321044?
3
What is the thousands digit of 283938?
3
What is the tens digit of 777610?
1
What is the ten thousands digit of 640927?
4
What is the hundreds digit of 3264743?
7
What is the hundred thousands digit of 329685?
3
What is the hundreds digit of 120099?
0
What is the thousands digit of 603358?
3
What is the units digit of 5550398?
8
What is the units digit of 917728?
8
What is the units digit of 456546?
6
What is the units digit of 213970?
0
What is the ten thousands digit of 769968?
6
What is the hundred thousands digit of 155405?
1
What is the units digit of 5990182?
2
What is the ten thousands digit of 652583?
5
What is the hundreds digit of 7327064?
0
What is the units digit of 641262?
2
What is the hundred thousands digit of 1515380?
5
What is the hundred thousands digit of 7183570?
1
What is the ten thousands digit of 420220?
2
What is the tens digit of 135479?
7
What is the units digit of 3540255?
5
What is the tens digit of 179213?
1
What is the tens digit of 15754251?
5
What is the thousands digit of 273052?
3
What is the tens digit of 562626?
2
What is the ten millions digit of 19619763?
1
What is the units digit of 469493?
3
What is the thousands digit of 470811?
0
What is the hundreds digit of 7598528?
5
What is the hundred thousands digit of 862891?
8
What is the hundred thousands digit of 770662?
7
What is the ten thousands digit of 3028699?
2
What is the hundred thousands digit of 770043?
7
What is the units digit of 434536?
6
What is the hundred thousands digit of 7881025?
8
What is the hundreds digit of 48799?
7
What is the units digit of 1686337?
7
What is the tens digit of 3138674?
7
What is the ten thousands digit of 2006426?
0
What is the units digit of 7060?
0
What is the hundreds digit of 752244?
2
What is the hundreds digit of 1209670?
6
What is the millions digit of 1045221?
1
What is the hundred thousands digit of 7726449?
7
What is the thousands digit of 147433?
7
What is the units digit of 2521481?
1
What is the tens digit of 389767?
6
What is the units digit of 19460?
0
What is the tens digit of 18513859?
5
What is the hundreds digit of 4018323?
3
What is the ten thousands digit of 9510659?
1
What is the thousands digit of 139310?
9
What is the thousands digit of 6619744?
9
What is the thousands digit of 1715284?
5
What is the tens digit of 18325644?
4
What is the units digit of 13939450?
0
What is the thousands digit of 7689?
7
What is the hundreds digit of 210271?
2
What is the ten thousands digit of 185658?
8
What